{"id":325,"date":"2024-03-01T12:11:44","date_gmt":"2024-03-01T15:11:44","guid":{"rendered":"https:\/\/lq4d.ddns.net\/wp\/?page_id=325"},"modified":"2025-12-19T11:03:44","modified_gmt":"2025-12-19T14:03:44","slug":"tramites","status":"publish","type":"page","link":"https:\/\/lq4d.ddns.net\/?page_id=325","title":{"rendered":"Tramites"},"content":{"rendered":"\n<h2 class=\"wp-block-heading\" style=\"font-size:21px\"><strong>Estamos tramitando las renovaciones de licencias de radioaficionado.<\/strong><\/h2>\n\n\n\n<h2 class=\"wp-block-heading has-medium-font-size\"><strong>\u00bfEn qu\u00e9 consiste?<\/strong><\/h2>\n\n\n\n<p style=\"font-size:16px\">Obtener la Renovaci\u00f3n &#8211; Rehabilitaci\u00f3n de la licencia de Radioaficionado.<\/p>\n\n\n\n<h2 class=\"wp-block-heading has-medium-font-size\"><strong>\u00bfQu\u00e9 documentaci\u00f3n se debe presentar?<\/strong><\/h2>\n\n\n\n<p style=\"font-size:16px\">1.- Constancia donde se autoriza al Radio Club a representar al Radioaficionado.&nbsp;<a href=\"http:\/\/lu4dq.com.ar\/formularios\/Modelo%20General.pdf\" target=\"_blank\" rel=\"noreferrer noopener\">Modelo<\/a>.<br>2.-&nbsp;<a href=\"http:\/\/lu4dq.com.ar\/formularios\/F.7a%20Formulario%20%C3%9Anico%20de%20Radioaficionados.pdf\" target=\"_blank\" rel=\"noreferrer noopener\">Nuevo Formulario F7a unificado<\/a>, EXCLUSIVO para la renovaci\u00f3n de la licencia (En caso de declarar varias estaciones fijas, incorporar\u00e1 la cantidad de formularios F7a correspondiente)..<br>2.-&nbsp;<a href=\"https:\/\/www.argentina.gob.ar\/justicia\/reincidencia\/antecedentespenales\" target=\"_blank\" rel=\"noreferrer noopener\">Certificado de antecedentes penales<\/a>, expedido por el Registro Nacional de Reincidencia. La presentaci\u00f3n del mismo no puede exceder m\u00e1s de 90 (NOVENTA) d\u00edas a partir de su emisi\u00f3n.<\/p>\n\n\n\n<h2 class=\"wp-block-heading\" style=\"font-size:20px\"><strong>\u00bfC\u00f3mo se hace?<\/strong><\/h2>\n\n\n\n<p style=\"font-size:16px\">De acuerdo con el Reglamento General de Radioaficionados, este tr\u00e1mite debe gestionarse a trav\u00e9s de los Radio Clubes o Instituciones Autorizadas.<\/p>\n\n\n\n<h2 class=\"wp-block-heading\" style=\"font-size:20px\"><strong>\u00bfQui\u00e9n puede\/debe efectuarlo?<\/strong><\/h2>\n\n\n\n<p style=\"font-size:16px\">Todos los Radioaficionados, Radio Clubes, Instituciones Autorizadas e Instituciones Reconocidas que deseen seguir en la actividad.<\/p>\n\n\n\n<h2 class=\"wp-block-heading\" style=\"font-size:20px\"><strong>\u00bfCu\u00e1ntas veces deber\u00eda asistir al organismo para hacerlo?<\/strong><\/h2>\n\n\n\n<p style=\"font-size:16px\">Ninguna. El Radio Club o Instituci\u00f3n Autorizada gestionar\u00e1 ante el ENACOM la licencia y &#8211; cuando \u00e9sta est\u00e9 otorgada &#8211; la entregar\u00e1 al Radioaficionado.<\/p>\n\n\n\n<h2 class=\"wp-block-heading\" style=\"font-size:20px\"><strong>\u00bfQu\u00e9 vigencia tiene el documento tramitado?<\/strong><\/h2>\n\n\n\n<p style=\"font-size:16px\">\u00a1Atenci\u00f3n! Desde la\u00a0<strong>Resoluci\u00f3n 1186\/2024 de ENACOM<\/strong>\u00a0en Argentina, las licencias de radioaficionado\u00a0<strong>ya no tienen fecha de vencimiento<\/strong>, pero es\u00a0<strong>obligatorio presentar el Certificado de Antecedentes Penales (RENAPER) cada 5 a\u00f1os<\/strong>\u00a0para mantenerla vigente. Si tu licencia venc\u00eda despu\u00e9s de agosto de 2024, debes presentar este certificado cada cinco a\u00f1os para que siga siendo v\u00e1lida, evitando tr\u00e1mites de rehabilitaci\u00f3n.\u00a0.<\/p>\n\n\n\n<p><span><a href=\"https:\/\/hertz.enacom.gob.ar\/se\/portal\/arg\/publico\/ListadoRadioaficionado.php\" target=\"_blank\" rel=\"noreferrer noopener\"><strong>Listado de Radioaficionados Vigentes en ENACOM,<\/strong><\/a><\/span><\/p>\n\n\n\n<h2 class=\"wp-block-heading\" style=\"font-size:18px\"><strong><a href=\"https:\/\/www.enacom.gob.ar\/multimedia\/noticias\/archivos\/202206\/archivo_20220614102350_4601.xlsx\" target=\"_blank\" rel=\"noreferrer noopener\">Descargue el listado de Se\u00f1ales Distintivas Especiales en ENACOM,<\/a><\/strong><\/h2>\n\n\n\n<p style=\"font-size:18px\"><strong>Atenci\u00f3n:&nbsp;Tr\u00e1mite a distancia&nbsp;o&nbsp;presencial<\/strong>, de no contar con formas de escanear los formularios, pueden concurrir a la sede para que los escaneemos en el radio club en el horario de los s\u00e1bados de 15 a 17 hs.<br><strong>Para los socios<\/strong>&nbsp;con su cuota social al d\u00eda, el tr\u00e1mite es sin cargo.<br>ante cualquier consulta Cont\u00e1ctenos a&nbsp;<a href=\"mailto:secretaria@lu4dq.com.ar\">secretaria@lu4dq.com.ar<\/a><\/p>\n\n\n\n<hr class=\"wp-block-separator has-alpha-channel-opacity\"\/>\n\n\n\n<p style=\"font-size:16px\">Datos bancarios para el pago de cuota social;<br>Banco Provincia&nbsp;de Buenos Aires.<br>Caja de ahorro:  N\u00famero de Cuenta: 5087-577284\/2<br>CBU:0140027403508757728424<br>Alias: RADIO.LU4DQ.QUILMES &#8211; Titular: RADIO CLUB QUILMES &#8211; CUIT:30-66401485-4<br>&#8212;&#8212;&#8212;&#8212;&#8212;&#8212;&#8212;&#8212;&#8212;&#8212;&#8212;&#8212;&#8212;&#8212;&#8212;&#8212;&#8212;&#8212;&#8212;&#8212;&#8212;&#8212;&#8212;&#8212;&#8212;&#8212;&#8212;&#8212;&#8212;&#8212;&#8212;&#8212;&#8212;&#8212;&#8212;&#8212;&#8212;&#8212;&#8212;&#8212;&#8212;&#8212;&#8212;&#8211;<\/p>\n\n\n\n<p>Recordamos lo dispuesto en el Cap\u00edtulo IV Punto 4.2 del Reglamento General de Radioaficionados &#8211; <strong>RESOL-2017-3635-APN-ENACOM#MM, del 30\/10\/2017<\/strong>:&nbsp;<\/p>\n\n\n\n<p>\u201c<em>Las solicitudes de licencia, renovaci\u00f3n, rehabilitaci\u00f3n y ascenso de categor\u00eda de Radioaficionado se tramitar\u00e1n ante la Autoridad de Aplicaci\u00f3n, a trav\u00e9s de un Radio Club o Instituci\u00f3n Autorizada, los cuales deber\u00e1n presentar la documentaci\u00f3n del solicitante requerida para cada categor\u00eda<\/em>\u2026\u201d.&nbsp;<\/p>\n\n\n\n<hr class=\"wp-block-separator has-alpha-channel-opacity is-style-wide\"\/>\n\n\n\n<figure class=\"wp-block-table is-style-stripes\"><table><thead><tr><th>Tramites que realiza el Radioclub ante el ENACOM<\/th><\/tr><\/thead><tbody><tr><td><a href=\"http:\/\/www.enacom.gob.ar\/tramites\/radioaficionados-otorgamiento-licencia_t100\" target=\"_blank\" rel=\"noreferrer noopener\">Radioaficionados &#8211; Otorgamiento de Licencia<\/a><\/td><\/tr><tr><td><a href=\"https:\/\/www.enacom.gob.ar\/tramites\/actualizacion-antecedentes-penales_t147\" target=\"_blank\" rel=\"noreferrer noopener\">Actualizaci\u00f3n de Antecedentes Penales<\/a><\/td><\/tr><tr><td><a href=\"https:\/\/www.enacom.gob.ar\/tramites\/radioaficionados-rehabilitacion-licencia_t30\" target=\"_blank\" rel=\"noreferrer noopener\">Radioaficionados &#8211; Rehabilitaci\u00f3n de licencia<\/a><\/td><\/tr><tr><td><a href=\"http:\/\/www.enacom.gob.ar\/tramites\/radioaficionados-ascensos-categoria_t46\" target=\"_blank\" rel=\"noreferrer noopener\">Radioaficionados &#8211; Ascensos de categor\u00eda<\/a><\/td><\/tr><tr><td><a href=\"http:\/\/www.enacom.gob.ar\/tramites\/radioaficionados-cambio-domicilio_t99\" target=\"_blank\" rel=\"noreferrer noopener\">Radioaficionados &#8211; Cambio de domicilio<\/a><\/td><\/tr><tr><td><a href=\"http:\/\/www.enacom.gob.ar\/tramites\/radioaficionados-cambio-senal-distintiva_t21\" target=\"_blank\" rel=\"noreferrer noopener\">Radioaficionados &#8211; Cambio de se\u00f1al distintiva<\/a><\/td><\/tr><tr><td><a href=\"http:\/\/www.enacom.gob.ar\/tramites\/radioaficionados-estaciones-repetidoras_t23\" target=\"_blank\" rel=\"noreferrer noopener\">Radioaficionados &#8211; Estaciones repetidoras<\/a><\/td><\/tr><tr><td><a href=\"http:\/\/www.enacom.gob.ar\/tramites\/radioaficionados-senal-distintiva-especial_t20\" target=\"_blank\" rel=\"noreferrer noopener\">Radioaficionados \u2013 Otorgamiento Se\u00f1al distintiva especial (SDE)<\/a><\/td><\/tr><tr><td><a href=\"https:\/\/www.enacom.gob.ar\/tramites\/radioaficionados-estacion-radiobaliza-radiofaro-_t133\" target=\"_blank\" rel=\"noreferrer noopener\">Radioaficionados \u2013 Estaci\u00f3n de Radiobaliza (Radiofaro)<\/a><\/td><\/tr><tr><td><a href=\"https:\/\/www.enacom.gob.ar\/tramites\/radioaficionados-radioaficionados-extranjeros_t134\" target=\"_blank\" rel=\"noreferrer noopener\">Radioaficionados \u2013 Radioaficionados Extranjeros<\/a><\/td><\/tr><tr><td><a href=\"https:\/\/www.enacom.gob.ar\/tramites\/radioaficionados-permiso-internacional-radioaficionados-iarp-_t135\" target=\"_blank\" rel=\"noreferrer noopener\">Radioaficionados \u2013 Permiso Internacional de Radioaficionados (I.A.R.P.)<\/a><\/td><\/tr><tr><td><a href=\"https:\/\/www.enacom.gob.ar\/tramites\/radioaficionados-alta-radio-club-instituciones-autorizadas-reconocidas-organismos-estatales_t22\" target=\"_blank\" rel=\"noreferrer noopener\">Radioaficionados \u2013 Alta de Radioclub \/ Instituciones Autorizadas \/ Reconocidas \/ Organismos Estatales<\/a><\/td><\/tr><tr><td><a href=\"https:\/\/www.enacom.gob.ar\/tramites\/radioaficionados-estaciones-espaciales-y-terrenas_t137\" target=\"_blank\" rel=\"noreferrer noopener\">Radioaficionados &#8211; Estaciones Espaciales y Terrenas<\/a><\/td><\/tr><tr><td><a href=\"https:\/\/www.enacom.gob.ar\/tramites\/radioaficionados-renovacion-senal-distintiva-especial-sde-_t138\" target=\"_blank\" rel=\"noreferrer noopener\">Radioaficionados &#8211; Renovaci\u00f3n de se\u00f1al distintiva especial (SDE)<\/a><\/td><\/tr><tr><td><a href=\"https:\/\/www.enacom.gob.ar\/tramites\/radioaficionados-renovacion-licencia-radio-club-instituciones-autorizadas-reconocidas-organismos-estatales_t139\" target=\"_blank\" rel=\"noreferrer noopener\">Radioaficionados &#8211; Renovaci\u00f3n de Licencia de Radio Club \/ Instituciones Autorizadas \/ Reconocidas \/ Organismos Estatales<\/a><\/td><\/tr><tr><td><a href=\"https:\/\/www.enacom.gob.ar\/tramites\/radioaficionados-reconocimiento-categoria-especial_t141\" target=\"_blank\" rel=\"noreferrer noopener\">Radioaficionados &#8211; Reconocimiento de Categor\u00eda Especial<\/a><\/td><\/tr><tr><td><a href=\"https:\/\/www.enacom.gob.ar\/tramites\/importacion-equipos_t143\" target=\"_blank\" rel=\"noreferrer noopener\">Radioaficionados \u2013 Importaci\u00f3n de Equipos<\/a><\/td><\/tr><\/tbody><\/table><\/figure>\n\n\n\n<hr class=\"wp-block-separator has-alpha-channel-opacity is-style-wide\"\/>\n","protected":false},"excerpt":{"rendered":"<p>Estamos tramitando las renovaciones de licencias de radioaficionado. \u00bfEn qu\u00e9 consiste? Obtener la Renovaci\u00f3n &#8211; Rehabilitaci\u00f3n de la licencia de Radioaficionado. \u00bfQu\u00e9 documentaci\u00f3n se debe presentar? 1.- Constancia donde se autoriza al Radio Club a representar al Radioaficionado.&nbsp;Modelo.2.-&nbsp;Nuevo Formulario F7a unificado, EXCLUSIVO para la renovaci\u00f3n de la licencia (En caso [&hellip;]<\/p>\n","protected":false},"author":2,"featured_media":409,"parent":0,"menu_order":0,"comment_status":"closed","ping_status":"closed","template":"","meta":{"_bbp_topic_count":0,"_bbp_reply_count":0,"_bbp_total_topic_count":0,"_bbp_total_reply_count":0,"_bbp_voice_count":0,"_bbp_anonymous_reply_count":0,"_bbp_topic_count_hidden":0,"_bbp_reply_count_hidden":0,"_bbp_forum_subforum_count":0,"footnotes":""},"class_list":["post-325","page","type-page","status-publish","has-post-thumbnail","hentry"],"yoast_head":"<!-- This site is optimized with the Yoast SEO plugin v26.6 - https:\/\/yoast.com\/wordpress\/plugins\/seo\/ -->\n<title>Tramites - Radio Club Quilmes | LU4DQ - LQ4D<\/title>\n<meta name=\"robots\" content=\"index, follow, max-snippet:-1, max-image-preview:large, max-video-preview:-1\" \/>\n<link rel=\"canonical\" href=\"https:\/\/lq4d.ddns.net\/?page_id=325\" \/>\n<meta property=\"og:locale\" content=\"es_ES\" \/>\n<meta property=\"og:type\" content=\"article\" \/>\n<meta property=\"og:title\" content=\"Tramites - Radio Club Quilmes | LU4DQ - LQ4D\" \/>\n<meta property=\"og:description\" content=\"Estamos tramitando las renovaciones de licencias de radioaficionado. \u00bfEn qu\u00e9 consiste? Obtener la Renovaci\u00f3n &#8211; Rehabilitaci\u00f3n de la licencia de Radioaficionado. \u00bfQu\u00e9 documentaci\u00f3n se debe presentar? 1.- Constancia donde se autoriza al Radio Club a representar al Radioaficionado.&nbsp;Modelo.2.-&nbsp;Nuevo Formulario F7a unificado, EXCLUSIVO para la renovaci\u00f3n de la licencia (En caso [&hellip;]\" \/>\n<meta property=\"og:url\" content=\"https:\/\/lq4d.ddns.net\/?page_id=325\" \/>\n<meta property=\"og:site_name\" content=\"Radio Club Quilmes | LU4DQ - LQ4D\" \/>\n<meta property=\"article:publisher\" content=\"https:\/\/www.facebook.com\/groups\/LU4DQ\" \/>\n<meta property=\"article:modified_time\" content=\"2025-12-19T14:03:44+00:00\" \/>\n<meta property=\"og:image\" content=\"https:\/\/lq4d.ddns.net\/wp-content\/uploads\/2024\/03\/renovacion.png\" \/>\n\t<meta property=\"og:image:width\" content=\"620\" \/>\n\t<meta property=\"og:image:height\" content=\"306\" \/>\n\t<meta property=\"og:image:type\" content=\"image\/png\" \/>\n<meta name=\"twitter:card\" content=\"summary_large_image\" \/>\n<meta name=\"twitter:site\" content=\"@lu4dq\" \/>\n<meta name=\"twitter:label1\" content=\"Tiempo de lectura\" \/>\n\t<meta name=\"twitter:data1\" content=\"3 minutos\" \/>\n<script type=\"application\/ld+json\" class=\"yoast-schema-graph\">{\"@context\":\"https:\/\/schema.org\",\"@graph\":[{\"@type\":\"WebPage\",\"@id\":\"https:\/\/lq4d.ddns.net\/?page_id=325\",\"url\":\"https:\/\/lq4d.ddns.net\/?page_id=325\",\"name\":\"Tramites - Radio Club Quilmes | LU4DQ - LQ4D\",\"isPartOf\":{\"@id\":\"https:\/\/lq4d.ddns.net\/#website\"},\"primaryImageOfPage\":{\"@id\":\"https:\/\/lq4d.ddns.net\/?page_id=325#primaryimage\"},\"image\":{\"@id\":\"https:\/\/lq4d.ddns.net\/?page_id=325#primaryimage\"},\"thumbnailUrl\":\"https:\/\/lq4d.ddns.net\/wp-content\/uploads\/2024\/03\/renovacion.png\",\"datePublished\":\"2024-03-01T15:11:44+00:00\",\"dateModified\":\"2025-12-19T14:03:44+00:00\",\"breadcrumb\":{\"@id\":\"https:\/\/lq4d.ddns.net\/?page_id=325#breadcrumb\"},\"inLanguage\":\"es-AR\",\"potentialAction\":[{\"@type\":\"ReadAction\",\"target\":[\"https:\/\/lq4d.ddns.net\/?page_id=325\"]}]},{\"@type\":\"ImageObject\",\"inLanguage\":\"es-AR\",\"@id\":\"https:\/\/lq4d.ddns.net\/?page_id=325#primaryimage\",\"url\":\"https:\/\/lq4d.ddns.net\/wp-content\/uploads\/2024\/03\/renovacion.png\",\"contentUrl\":\"https:\/\/lq4d.ddns.net\/wp-content\/uploads\/2024\/03\/renovacion.png\",\"width\":620,\"height\":306},{\"@type\":\"BreadcrumbList\",\"@id\":\"https:\/\/lq4d.ddns.net\/?page_id=325#breadcrumb\",\"itemListElement\":[{\"@type\":\"ListItem\",\"position\":1,\"name\":\"Inicio\",\"item\":\"https:\/\/lq4d.ddns.net\/\"},{\"@type\":\"ListItem\",\"position\":2,\"name\":\"Tramites\"}]},{\"@type\":\"WebSite\",\"@id\":\"https:\/\/lq4d.ddns.net\/#website\",\"url\":\"https:\/\/lq4d.ddns.net\/\",\"name\":\"Radio Club Quilmes | LU4DQ - LQ4D\",\"description\":\"Desde 1949 Formando Radioaficionados\",\"publisher\":{\"@id\":\"https:\/\/lq4d.ddns.net\/#organization\"},\"potentialAction\":[{\"@type\":\"SearchAction\",\"target\":{\"@type\":\"EntryPoint\",\"urlTemplate\":\"https:\/\/lq4d.ddns.net\/?s={search_term_string}\"},\"query-input\":{\"@type\":\"PropertyValueSpecification\",\"valueRequired\":true,\"valueName\":\"search_term_string\"}}],\"inLanguage\":\"es-AR\"},{\"@type\":\"Organization\",\"@id\":\"https:\/\/lq4d.ddns.net\/#organization\",\"name\":\"Radio Club Quilmes | LU4DQ - LQ4D\",\"url\":\"https:\/\/lq4d.ddns.net\/\",\"logo\":{\"@type\":\"ImageObject\",\"inLanguage\":\"es-AR\",\"@id\":\"https:\/\/lq4d.ddns.net\/#\/schema\/logo\/image\/\",\"url\":\"https:\/\/lq4d.ddns.net\/wp-content\/uploads\/2024\/03\/LU4DQ.png\",\"contentUrl\":\"https:\/\/lq4d.ddns.net\/wp-content\/uploads\/2024\/03\/LU4DQ.png\",\"width\":304,\"height\":306,\"caption\":\"Radio Club Quilmes | LU4DQ - LQ4D\"},\"image\":{\"@id\":\"https:\/\/lq4d.ddns.net\/#\/schema\/logo\/image\/\"},\"sameAs\":[\"https:\/\/www.facebook.com\/groups\/LU4DQ\",\"https:\/\/x.com\/lu4dq\",\"https:\/\/www.instagram.com\/radioclubquilmes\/\"]}]}<\/script>\n<!-- \/ Yoast SEO plugin. -->","yoast_head_json":{"title":"Tramites - Radio Club Quilmes | LU4DQ - LQ4D","robots":{"index":"index","follow":"follow","max-snippet":"max-snippet:-1","max-image-preview":"max-image-preview:large","max-video-preview":"max-video-preview:-1"},"canonical":"https:\/\/lq4d.ddns.net\/?page_id=325","og_locale":"es_ES","og_type":"article","og_title":"Tramites - Radio Club Quilmes | LU4DQ - LQ4D","og_description":"Estamos tramitando las renovaciones de licencias de radioaficionado. \u00bfEn qu\u00e9 consiste? Obtener la Renovaci\u00f3n &#8211; Rehabilitaci\u00f3n de la licencia de Radioaficionado. \u00bfQu\u00e9 documentaci\u00f3n se debe presentar? 1.- Constancia donde se autoriza al Radio Club a representar al Radioaficionado.&nbsp;Modelo.2.-&nbsp;Nuevo Formulario F7a unificado, EXCLUSIVO para la renovaci\u00f3n de la licencia (En caso [&hellip;]","og_url":"https:\/\/lq4d.ddns.net\/?page_id=325","og_site_name":"Radio Club Quilmes | LU4DQ - LQ4D","article_publisher":"https:\/\/www.facebook.com\/groups\/LU4DQ","article_modified_time":"2025-12-19T14:03:44+00:00","og_image":[{"width":620,"height":306,"url":"https:\/\/lq4d.ddns.net\/wp-content\/uploads\/2024\/03\/renovacion.png","type":"image\/png"}],"twitter_card":"summary_large_image","twitter_site":"@lu4dq","twitter_misc":{"Tiempo de lectura":"3 minutos"},"schema":{"@context":"https:\/\/schema.org","@graph":[{"@type":"WebPage","@id":"https:\/\/lq4d.ddns.net\/?page_id=325","url":"https:\/\/lq4d.ddns.net\/?page_id=325","name":"Tramites - Radio Club Quilmes | LU4DQ - LQ4D","isPartOf":{"@id":"https:\/\/lq4d.ddns.net\/#website"},"primaryImageOfPage":{"@id":"https:\/\/lq4d.ddns.net\/?page_id=325#primaryimage"},"image":{"@id":"https:\/\/lq4d.ddns.net\/?page_id=325#primaryimage"},"thumbnailUrl":"https:\/\/lq4d.ddns.net\/wp-content\/uploads\/2024\/03\/renovacion.png","datePublished":"2024-03-01T15:11:44+00:00","dateModified":"2025-12-19T14:03:44+00:00","breadcrumb":{"@id":"https:\/\/lq4d.ddns.net\/?page_id=325#breadcrumb"},"inLanguage":"es-AR","potentialAction":[{"@type":"ReadAction","target":["https:\/\/lq4d.ddns.net\/?page_id=325"]}]},{"@type":"ImageObject","inLanguage":"es-AR","@id":"https:\/\/lq4d.ddns.net\/?page_id=325#primaryimage","url":"https:\/\/lq4d.ddns.net\/wp-content\/uploads\/2024\/03\/renovacion.png","contentUrl":"https:\/\/lq4d.ddns.net\/wp-content\/uploads\/2024\/03\/renovacion.png","width":620,"height":306},{"@type":"BreadcrumbList","@id":"https:\/\/lq4d.ddns.net\/?page_id=325#breadcrumb","itemListElement":[{"@type":"ListItem","position":1,"name":"Inicio","item":"https:\/\/lq4d.ddns.net\/"},{"@type":"ListItem","position":2,"name":"Tramites"}]},{"@type":"WebSite","@id":"https:\/\/lq4d.ddns.net\/#website","url":"https:\/\/lq4d.ddns.net\/","name":"Radio Club Quilmes | LU4DQ - LQ4D","description":"Desde 1949 Formando Radioaficionados","publisher":{"@id":"https:\/\/lq4d.ddns.net\/#organization"},"potentialAction":[{"@type":"SearchAction","target":{"@type":"EntryPoint","urlTemplate":"https:\/\/lq4d.ddns.net\/?s={search_term_string}"},"query-input":{"@type":"PropertyValueSpecification","valueRequired":true,"valueName":"search_term_string"}}],"inLanguage":"es-AR"},{"@type":"Organization","@id":"https:\/\/lq4d.ddns.net\/#organization","name":"Radio Club Quilmes | LU4DQ - LQ4D","url":"https:\/\/lq4d.ddns.net\/","logo":{"@type":"ImageObject","inLanguage":"es-AR","@id":"https:\/\/lq4d.ddns.net\/#\/schema\/logo\/image\/","url":"https:\/\/lq4d.ddns.net\/wp-content\/uploads\/2024\/03\/LU4DQ.png","contentUrl":"https:\/\/lq4d.ddns.net\/wp-content\/uploads\/2024\/03\/LU4DQ.png","width":304,"height":306,"caption":"Radio Club Quilmes | LU4DQ - LQ4D"},"image":{"@id":"https:\/\/lq4d.ddns.net\/#\/schema\/logo\/image\/"},"sameAs":["https:\/\/www.facebook.com\/groups\/LU4DQ","https:\/\/x.com\/lu4dq","https:\/\/www.instagram.com\/radioclubquilmes\/"]}]}},"_links":{"self":[{"href":"https:\/\/lq4d.ddns.net\/index.php?rest_route=\/wp\/v2\/pages\/325","targetHints":{"allow":["GET"]}}],"collection":[{"href":"https:\/\/lq4d.ddns.net\/index.php?rest_route=\/wp\/v2\/pages"}],"about":[{"href":"https:\/\/lq4d.ddns.net\/index.php?rest_route=\/wp\/v2\/types\/page"}],"author":[{"embeddable":true,"href":"https:\/\/lq4d.ddns.net\/index.php?rest_route=\/wp\/v2\/users\/2"}],"replies":[{"embeddable":true,"href":"https:\/\/lq4d.ddns.net\/index.php?rest_route=%2Fwp%2Fv2%2Fcomments&post=325"}],"version-history":[{"count":17,"href":"https:\/\/lq4d.ddns.net\/index.php?rest_route=\/wp\/v2\/pages\/325\/revisions"}],"predecessor-version":[{"id":3698,"href":"https:\/\/lq4d.ddns.net\/index.php?rest_route=\/wp\/v2\/pages\/325\/revisions\/3698"}],"wp:featuredmedia":[{"embeddable":true,"href":"https:\/\/lq4d.ddns.net\/index.php?rest_route=\/wp\/v2\/media\/409"}],"wp:attachment":[{"href":"https:\/\/lq4d.ddns.net\/index.php?rest_route=%2Fwp%2Fv2%2Fmedia&parent=325"}],"curies":[{"name":"wp","href":"https:\/\/api.w.org\/{rel}","templated":true}]}}