{"id":308,"date":"2024-03-01T10:02:41","date_gmt":"2024-03-01T13:02:41","guid":{"rendered":"http:\/\/lq4d.ddns.net\/wp\/?page_id=308"},"modified":"2024-05-01T23:18:48","modified_gmt":"2024-05-02T02:18:48","slug":"sinagir","status":"publish","type":"page","link":"https:\/\/lq4d.ddns.net\/?page_id=308","title":{"rendered":"SINAGIR"},"content":{"rendered":"<div class=\"wp-block-image\">\n<figure class=\"alignleft size-full is-resized\"><img decoding=\"async\" width=\"400\" height=\"400\" src=\"http:\/\/lq4d.ddns.net\/wp\/wp-content\/uploads\/2024\/01\/VHFktvRk_400x400.jpg\" alt=\"sinagir\" class=\"wp-image-1490\" style=\"width:247px;height:auto\"\/><\/figure>\n<\/div>\n\n\n<p>El\u00a0<strong>Sistema Nacional para la Gesti\u00f3n Integral del Riesgo<\/strong>\u00a0(SINAGIR) fue creado en octubre de 2016 tras la sanci\u00f3n de la\u00a0<a href=\"https:\/\/www.argentina.gob.ar\/normativa\/nacional\/ley-27287-266631\">Ley 27287<\/a>. El mismo, est\u00e1 integrado por el\u00a0<strong>Consejo Nacional para la Gesti\u00f3n Integral del Riesgo y la Protecci\u00f3n Civil<\/strong>, el\u00a0<strong>Consejo Federal de Gesti\u00f3n Integral del Riesgo y la Protecci\u00f3n Civil, la Secretar\u00eda Ejecutiva y la Red de Organismos Cient\u00edfico T\u00e9cnicos para la Gesti\u00f3n del Riesgo de Desastres (Red GIRCyT)<\/strong>.<\/p>\n\n\n\n<p><\/p>\n\n\n\n<h4 class=\"wp-block-heading\">Objetivo<\/h4>\n\n\n\n<p>Tiene como objetivo integrar acciones y articular el funcionamiento de los organismos del Gobierno nacional, los Gobiernos provinciales, de la Ciudad Aut\u00f3noma de Buenos Aires y municipales, las organizaciones no gubernamentales y la sociedad civil, para fortalecer y optimizar las acciones destinadas a la reducci\u00f3n de riesgos, el manejo de la crisis y la recuperaci\u00f3n.<\/p>\n\n\n\n<h4 class=\"wp-block-heading\">Finalidad<\/h4>\n\n\n\n<p>El&nbsp;<strong>SINAGIR<\/strong>&nbsp;tiene como finalidad la protecci\u00f3n integral de las personas, las comunidades y el ambiente ante la existencia de riesgos.<\/p>\n\n\n\n<figure class=\"wp-block-gallery has-nested-images columns-2 is-cropped wp-block-gallery-1 is-layout-flex wp-block-gallery-is-layout-flex\">\n<figure data-wp-context=\"{&quot;imageId&quot;:&quot;69fc802205eb3&quot;}\" data-wp-interactive=\"core\/image\" data-wp-key=\"69fc802205eb3\" class=\"wp-block-image size-full wp-lightbox-container\"><img decoding=\"async\" width=\"1600\" height=\"1200\" data-wp-class--hide=\"state.isContentHidden\" data-wp-class--show=\"state.isContentVisible\" data-wp-init=\"callbacks.setButtonStyles\" data-wp-on--click=\"actions.showLightbox\" data-wp-on--load=\"callbacks.setButtonStyles\" data-wp-on-window--resize=\"callbacks.setButtonStyles\" data-id=\"1487\" src=\"http:\/\/lq4d.ddns.net\/wp\/wp-content\/uploads\/2024\/01\/sinagir.42.jpeg\" alt=\"\" class=\"wp-image-1487\"\/><button\n\t\t\tclass=\"lightbox-trigger\"\n\t\t\ttype=\"button\"\n\t\t\taria-haspopup=\"dialog\"\n\t\t\taria-label=\"Agrandar\"\n\t\t\tdata-wp-init=\"callbacks.initTriggerButton\"\n\t\t\tdata-wp-on--click=\"actions.showLightbox\"\n\t\t\tdata-wp-style--right=\"state.imageButtonRight\"\n\t\t\tdata-wp-style--top=\"state.imageButtonTop\"\n\t\t>\n\t\t\t<svg xmlns=\"http:\/\/www.w3.org\/2000\/svg\" width=\"12\" height=\"12\" fill=\"none\" viewBox=\"0 0 12 12\">\n\t\t\t\t<path fill=\"#fff\" d=\"M2 0a2 2 0 0 0-2 2v2h1.5V2a.5.5 0 0 1 .5-.5h2V0H2Zm2 10.5H2a.5.5 0 0 1-.5-.5V8H0v2a2 2 0 0 0 2 2h2v-1.5ZM8 12v-1.5h2a.5.5 0 0 0 .5-.5V8H12v2a2 2 0 0 1-2 2H8Zm2-12a2 2 0 0 1 2 2v2h-1.5V2a.5.5 0 0 0-.5-.5H8V0h2Z\" \/>\n\t\t\t<\/svg>\n\t\t<\/button><\/figure>\n\n\n\n<figure data-wp-context=\"{&quot;imageId&quot;:&quot;69fc8022065e7&quot;}\" data-wp-interactive=\"core\/image\" data-wp-key=\"69fc8022065e7\" class=\"wp-block-image size-full wp-lightbox-container\"><img decoding=\"async\" width=\"1024\" height=\"586\" data-wp-class--hide=\"state.isContentHidden\" data-wp-class--show=\"state.isContentVisible\" data-wp-init=\"callbacks.setButtonStyles\" data-wp-on--click=\"actions.showLightbox\" data-wp-on--load=\"callbacks.setButtonStyles\" data-wp-on-window--resize=\"callbacks.setButtonStyles\" data-id=\"1488\" src=\"http:\/\/lq4d.ddns.net\/wp\/wp-content\/uploads\/2024\/01\/sinagir2.jpg\" alt=\"\" class=\"wp-image-1488\"\/><button\n\t\t\tclass=\"lightbox-trigger\"\n\t\t\ttype=\"button\"\n\t\t\taria-haspopup=\"dialog\"\n\t\t\taria-label=\"Agrandar\"\n\t\t\tdata-wp-init=\"callbacks.initTriggerButton\"\n\t\t\tdata-wp-on--click=\"actions.showLightbox\"\n\t\t\tdata-wp-style--right=\"state.imageButtonRight\"\n\t\t\tdata-wp-style--top=\"state.imageButtonTop\"\n\t\t>\n\t\t\t<svg xmlns=\"http:\/\/www.w3.org\/2000\/svg\" width=\"12\" height=\"12\" fill=\"none\" viewBox=\"0 0 12 12\">\n\t\t\t\t<path fill=\"#fff\" d=\"M2 0a2 2 0 0 0-2 2v2h1.5V2a.5.5 0 0 1 .5-.5h2V0H2Zm2 10.5H2a.5.5 0 0 1-.5-.5V8H0v2a2 2 0 0 0 2 2h2v-1.5ZM8 12v-1.5h2a.5.5 0 0 0 .5-.5V8H12v2a2 2 0 0 1-2 2H8Zm2-12a2 2 0 0 1 2 2v2h-1.5V2a.5.5 0 0 0-.5-.5H8V0h2Z\" \/>\n\t\t\t<\/svg>\n\t\t<\/button><\/figure>\n\n\n\n<figure data-wp-context=\"{&quot;imageId&quot;:&quot;69fc802206c58&quot;}\" data-wp-interactive=\"core\/image\" data-wp-key=\"69fc802206c58\" class=\"wp-block-image size-full wp-lightbox-container\"><img decoding=\"async\" width=\"1596\" height=\"1140\" data-wp-class--hide=\"state.isContentHidden\" data-wp-class--show=\"state.isContentVisible\" data-wp-init=\"callbacks.setButtonStyles\" data-wp-on--click=\"actions.showLightbox\" data-wp-on--load=\"callbacks.setButtonStyles\" data-wp-on-window--resize=\"callbacks.setButtonStyles\" data-id=\"52\" src=\"http:\/\/lq4d.ddns.net\/wp\/wp-content\/uploads\/2024\/02\/certificado-SINAGIR.jpg\" alt=\"\" class=\"wp-image-52\"\/><button\n\t\t\tclass=\"lightbox-trigger\"\n\t\t\ttype=\"button\"\n\t\t\taria-haspopup=\"dialog\"\n\t\t\taria-label=\"Agrandar\"\n\t\t\tdata-wp-init=\"callbacks.initTriggerButton\"\n\t\t\tdata-wp-on--click=\"actions.showLightbox\"\n\t\t\tdata-wp-style--right=\"state.imageButtonRight\"\n\t\t\tdata-wp-style--top=\"state.imageButtonTop\"\n\t\t>\n\t\t\t<svg xmlns=\"http:\/\/www.w3.org\/2000\/svg\" width=\"12\" height=\"12\" fill=\"none\" viewBox=\"0 0 12 12\">\n\t\t\t\t<path fill=\"#fff\" d=\"M2 0a2 2 0 0 0-2 2v2h1.5V2a.5.5 0 0 1 .5-.5h2V0H2Zm2 10.5H2a.5.5 0 0 1-.5-.5V8H0v2a2 2 0 0 0 2 2h2v-1.5ZM8 12v-1.5h2a.5.5 0 0 0 .5-.5V8H12v2a2 2 0 0 1-2 2H8Zm2-12a2 2 0 0 1 2 2v2h-1.5V2a.5.5 0 0 0-.5-.5H8V0h2Z\" \/>\n\t\t\t<\/svg>\n\t\t<\/button><\/figure>\n<\/figure>\n\n\n\n<hr class=\"wp-block-separator has-alpha-channel-opacity is-style-wide\"\/>\n","protected":false},"excerpt":{"rendered":"<p>El\u00a0Sistema Nacional para la Gesti\u00f3n Integral del Riesgo\u00a0(SINAGIR) fue creado en octubre de 2016 tras la sanci\u00f3n de la\u00a0Ley 27287. El mismo, est\u00e1 integrado por el\u00a0Consejo Nacional para la Gesti\u00f3n Integral del Riesgo y la Protecci\u00f3n Civil, el\u00a0Consejo Federal de Gesti\u00f3n Integral del Riesgo y la Protecci\u00f3n Civil, la Secretar\u00eda [&hellip;]<\/p>\n","protected":false},"author":2,"featured_media":316,"parent":0,"menu_order":0,"comment_status":"closed","ping_status":"closed","template":"","meta":{"_bbp_topic_count":0,"_bbp_reply_count":0,"_bbp_total_topic_count":0,"_bbp_total_reply_count":0,"_bbp_voice_count":0,"_bbp_anonymous_reply_count":0,"_bbp_topic_count_hidden":0,"_bbp_reply_count_hidden":0,"_bbp_forum_subforum_count":0,"footnotes":""},"class_list":["post-308","page","type-page","status-publish","has-post-thumbnail","hentry"],"yoast_head":"<!-- This site is optimized with the Yoast SEO plugin v26.6 - https:\/\/yoast.com\/wordpress\/plugins\/seo\/ -->\n<title>SINAGIR - Radio Club Quilmes | LU4DQ - LQ4D<\/title>\n<meta name=\"robots\" content=\"index, follow, max-snippet:-1, max-image-preview:large, max-video-preview:-1\" \/>\n<link rel=\"canonical\" href=\"https:\/\/lq4d.ddns.net\/?page_id=308\" \/>\n<meta property=\"og:locale\" content=\"es_ES\" \/>\n<meta property=\"og:type\" content=\"article\" \/>\n<meta property=\"og:title\" content=\"SINAGIR - Radio Club Quilmes | LU4DQ - LQ4D\" \/>\n<meta property=\"og:description\" content=\"El\u00a0Sistema Nacional para la Gesti\u00f3n Integral del Riesgo\u00a0(SINAGIR) fue creado en octubre de 2016 tras la sanci\u00f3n de la\u00a0Ley 27287. El mismo, est\u00e1 integrado por el\u00a0Consejo Nacional para la Gesti\u00f3n Integral del Riesgo y la Protecci\u00f3n Civil, el\u00a0Consejo Federal de Gesti\u00f3n Integral del Riesgo y la Protecci\u00f3n Civil, la Secretar\u00eda [&hellip;]\" \/>\n<meta property=\"og:url\" content=\"https:\/\/lq4d.ddns.net\/?page_id=308\" \/>\n<meta property=\"og:site_name\" content=\"Radio Club Quilmes | LU4DQ - LQ4D\" \/>\n<meta property=\"article:publisher\" content=\"https:\/\/www.facebook.com\/groups\/LU4DQ\" \/>\n<meta property=\"article:modified_time\" content=\"2024-05-02T02:18:48+00:00\" \/>\n<meta property=\"og:image\" content=\"https:\/\/lq4d.ddns.net\/wp-content\/uploads\/2024\/03\/sinagiraa.jpg\" \/>\n\t<meta property=\"og:image:width\" content=\"1600\" \/>\n\t<meta property=\"og:image:height\" content=\"599\" \/>\n\t<meta property=\"og:image:type\" content=\"image\/jpeg\" \/>\n<meta name=\"twitter:card\" content=\"summary_large_image\" \/>\n<meta name=\"twitter:site\" content=\"@lu4dq\" \/>\n<meta name=\"twitter:label1\" content=\"Tiempo de lectura\" \/>\n\t<meta name=\"twitter:data1\" content=\"1 minuto\" \/>\n<script type=\"application\/ld+json\" class=\"yoast-schema-graph\">{\"@context\":\"https:\/\/schema.org\",\"@graph\":[{\"@type\":\"WebPage\",\"@id\":\"https:\/\/lq4d.ddns.net\/?page_id=308\",\"url\":\"https:\/\/lq4d.ddns.net\/?page_id=308\",\"name\":\"SINAGIR - Radio Club Quilmes | LU4DQ - LQ4D\",\"isPartOf\":{\"@id\":\"https:\/\/lq4d.ddns.net\/#website\"},\"primaryImageOfPage\":{\"@id\":\"https:\/\/lq4d.ddns.net\/?page_id=308#primaryimage\"},\"image\":{\"@id\":\"https:\/\/lq4d.ddns.net\/?page_id=308#primaryimage\"},\"thumbnailUrl\":\"https:\/\/lq4d.ddns.net\/wp-content\/uploads\/2024\/03\/sinagiraa.jpg\",\"datePublished\":\"2024-03-01T13:02:41+00:00\",\"dateModified\":\"2024-05-02T02:18:48+00:00\",\"breadcrumb\":{\"@id\":\"https:\/\/lq4d.ddns.net\/?page_id=308#breadcrumb\"},\"inLanguage\":\"es-AR\",\"potentialAction\":[{\"@type\":\"ReadAction\",\"target\":[\"https:\/\/lq4d.ddns.net\/?page_id=308\"]}]},{\"@type\":\"ImageObject\",\"inLanguage\":\"es-AR\",\"@id\":\"https:\/\/lq4d.ddns.net\/?page_id=308#primaryimage\",\"url\":\"https:\/\/lq4d.ddns.net\/wp-content\/uploads\/2024\/03\/sinagiraa.jpg\",\"contentUrl\":\"https:\/\/lq4d.ddns.net\/wp-content\/uploads\/2024\/03\/sinagiraa.jpg\",\"width\":1600,\"height\":599},{\"@type\":\"BreadcrumbList\",\"@id\":\"https:\/\/lq4d.ddns.net\/?page_id=308#breadcrumb\",\"itemListElement\":[{\"@type\":\"ListItem\",\"position\":1,\"name\":\"Inicio\",\"item\":\"https:\/\/lq4d.ddns.net\/\"},{\"@type\":\"ListItem\",\"position\":2,\"name\":\"SINAGIR\"}]},{\"@type\":\"WebSite\",\"@id\":\"https:\/\/lq4d.ddns.net\/#website\",\"url\":\"https:\/\/lq4d.ddns.net\/\",\"name\":\"Radio Club Quilmes | LU4DQ - LQ4D\",\"description\":\"Desde 1949 Formando Radioaficionados\",\"publisher\":{\"@id\":\"https:\/\/lq4d.ddns.net\/#organization\"},\"potentialAction\":[{\"@type\":\"SearchAction\",\"target\":{\"@type\":\"EntryPoint\",\"urlTemplate\":\"https:\/\/lq4d.ddns.net\/?s={search_term_string}\"},\"query-input\":{\"@type\":\"PropertyValueSpecification\",\"valueRequired\":true,\"valueName\":\"search_term_string\"}}],\"inLanguage\":\"es-AR\"},{\"@type\":\"Organization\",\"@id\":\"https:\/\/lq4d.ddns.net\/#organization\",\"name\":\"Radio Club Quilmes | LU4DQ - LQ4D\",\"url\":\"https:\/\/lq4d.ddns.net\/\",\"logo\":{\"@type\":\"ImageObject\",\"inLanguage\":\"es-AR\",\"@id\":\"https:\/\/lq4d.ddns.net\/#\/schema\/logo\/image\/\",\"url\":\"https:\/\/lq4d.ddns.net\/wp-content\/uploads\/2024\/03\/LU4DQ.png\",\"contentUrl\":\"https:\/\/lq4d.ddns.net\/wp-content\/uploads\/2024\/03\/LU4DQ.png\",\"width\":304,\"height\":306,\"caption\":\"Radio Club Quilmes | LU4DQ - LQ4D\"},\"image\":{\"@id\":\"https:\/\/lq4d.ddns.net\/#\/schema\/logo\/image\/\"},\"sameAs\":[\"https:\/\/www.facebook.com\/groups\/LU4DQ\",\"https:\/\/x.com\/lu4dq\",\"https:\/\/www.instagram.com\/radioclubquilmes\/\"]}]}<\/script>\n<!-- \/ Yoast SEO plugin. -->","yoast_head_json":{"title":"SINAGIR - Radio Club Quilmes | LU4DQ - LQ4D","robots":{"index":"index","follow":"follow","max-snippet":"max-snippet:-1","max-image-preview":"max-image-preview:large","max-video-preview":"max-video-preview:-1"},"canonical":"https:\/\/lq4d.ddns.net\/?page_id=308","og_locale":"es_ES","og_type":"article","og_title":"SINAGIR - Radio Club Quilmes | LU4DQ - LQ4D","og_description":"El\u00a0Sistema Nacional para la Gesti\u00f3n Integral del Riesgo\u00a0(SINAGIR) fue creado en octubre de 2016 tras la sanci\u00f3n de la\u00a0Ley 27287. El mismo, est\u00e1 integrado por el\u00a0Consejo Nacional para la Gesti\u00f3n Integral del Riesgo y la Protecci\u00f3n Civil, el\u00a0Consejo Federal de Gesti\u00f3n Integral del Riesgo y la Protecci\u00f3n Civil, la Secretar\u00eda [&hellip;]","og_url":"https:\/\/lq4d.ddns.net\/?page_id=308","og_site_name":"Radio Club Quilmes | LU4DQ - LQ4D","article_publisher":"https:\/\/www.facebook.com\/groups\/LU4DQ","article_modified_time":"2024-05-02T02:18:48+00:00","og_image":[{"width":1600,"height":599,"url":"https:\/\/lq4d.ddns.net\/wp-content\/uploads\/2024\/03\/sinagiraa.jpg","type":"image\/jpeg"}],"twitter_card":"summary_large_image","twitter_site":"@lu4dq","twitter_misc":{"Tiempo de lectura":"1 minuto"},"schema":{"@context":"https:\/\/schema.org","@graph":[{"@type":"WebPage","@id":"https:\/\/lq4d.ddns.net\/?page_id=308","url":"https:\/\/lq4d.ddns.net\/?page_id=308","name":"SINAGIR - Radio Club Quilmes | LU4DQ - LQ4D","isPartOf":{"@id":"https:\/\/lq4d.ddns.net\/#website"},"primaryImageOfPage":{"@id":"https:\/\/lq4d.ddns.net\/?page_id=308#primaryimage"},"image":{"@id":"https:\/\/lq4d.ddns.net\/?page_id=308#primaryimage"},"thumbnailUrl":"https:\/\/lq4d.ddns.net\/wp-content\/uploads\/2024\/03\/sinagiraa.jpg","datePublished":"2024-03-01T13:02:41+00:00","dateModified":"2024-05-02T02:18:48+00:00","breadcrumb":{"@id":"https:\/\/lq4d.ddns.net\/?page_id=308#breadcrumb"},"inLanguage":"es-AR","potentialAction":[{"@type":"ReadAction","target":["https:\/\/lq4d.ddns.net\/?page_id=308"]}]},{"@type":"ImageObject","inLanguage":"es-AR","@id":"https:\/\/lq4d.ddns.net\/?page_id=308#primaryimage","url":"https:\/\/lq4d.ddns.net\/wp-content\/uploads\/2024\/03\/sinagiraa.jpg","contentUrl":"https:\/\/lq4d.ddns.net\/wp-content\/uploads\/2024\/03\/sinagiraa.jpg","width":1600,"height":599},{"@type":"BreadcrumbList","@id":"https:\/\/lq4d.ddns.net\/?page_id=308#breadcrumb","itemListElement":[{"@type":"ListItem","position":1,"name":"Inicio","item":"https:\/\/lq4d.ddns.net\/"},{"@type":"ListItem","position":2,"name":"SINAGIR"}]},{"@type":"WebSite","@id":"https:\/\/lq4d.ddns.net\/#website","url":"https:\/\/lq4d.ddns.net\/","name":"Radio Club Quilmes | LU4DQ - LQ4D","description":"Desde 1949 Formando Radioaficionados","publisher":{"@id":"https:\/\/lq4d.ddns.net\/#organization"},"potentialAction":[{"@type":"SearchAction","target":{"@type":"EntryPoint","urlTemplate":"https:\/\/lq4d.ddns.net\/?s={search_term_string}"},"query-input":{"@type":"PropertyValueSpecification","valueRequired":true,"valueName":"search_term_string"}}],"inLanguage":"es-AR"},{"@type":"Organization","@id":"https:\/\/lq4d.ddns.net\/#organization","name":"Radio Club Quilmes | LU4DQ - LQ4D","url":"https:\/\/lq4d.ddns.net\/","logo":{"@type":"ImageObject","inLanguage":"es-AR","@id":"https:\/\/lq4d.ddns.net\/#\/schema\/logo\/image\/","url":"https:\/\/lq4d.ddns.net\/wp-content\/uploads\/2024\/03\/LU4DQ.png","contentUrl":"https:\/\/lq4d.ddns.net\/wp-content\/uploads\/2024\/03\/LU4DQ.png","width":304,"height":306,"caption":"Radio Club Quilmes | LU4DQ - LQ4D"},"image":{"@id":"https:\/\/lq4d.ddns.net\/#\/schema\/logo\/image\/"},"sameAs":["https:\/\/www.facebook.com\/groups\/LU4DQ","https:\/\/x.com\/lu4dq","https:\/\/www.instagram.com\/radioclubquilmes\/"]}]}},"_links":{"self":[{"href":"https:\/\/lq4d.ddns.net\/index.php?rest_route=\/wp\/v2\/pages\/308","targetHints":{"allow":["GET"]}}],"collection":[{"href":"https:\/\/lq4d.ddns.net\/index.php?rest_route=\/wp\/v2\/pages"}],"about":[{"href":"https:\/\/lq4d.ddns.net\/index.php?rest_route=\/wp\/v2\/types\/page"}],"author":[{"embeddable":true,"href":"https:\/\/lq4d.ddns.net\/index.php?rest_route=\/wp\/v2\/users\/2"}],"replies":[{"embeddable":true,"href":"https:\/\/lq4d.ddns.net\/index.php?rest_route=%2Fwp%2Fv2%2Fcomments&post=308"}],"version-history":[{"count":6,"href":"https:\/\/lq4d.ddns.net\/index.php?rest_route=\/wp\/v2\/pages\/308\/revisions"}],"predecessor-version":[{"id":1579,"href":"https:\/\/lq4d.ddns.net\/index.php?rest_route=\/wp\/v2\/pages\/308\/revisions\/1579"}],"wp:featuredmedia":[{"embeddable":true,"href":"https:\/\/lq4d.ddns.net\/index.php?rest_route=\/wp\/v2\/media\/316"}],"wp:attachment":[{"href":"https:\/\/lq4d.ddns.net\/index.php?rest_route=%2Fwp%2Fv2%2Fmedia&parent=308"}],"curies":[{"name":"wp","href":"https:\/\/api.w.org\/{rel}","templated":true}]}}