{"id":169,"date":"2024-02-28T17:59:16","date_gmt":"2024-02-28T20:59:16","guid":{"rendered":"http:\/\/lq4d.ddns.net\/wp\/?page_id=169"},"modified":"2025-12-19T17:15:40","modified_gmt":"2025-12-19T20:15:40","slug":"remoto-hf","status":"publish","type":"page","link":"https:\/\/lq4d.ddns.net\/?page_id=169","title":{"rendered":"Radio Remoto de HF"},"content":{"rendered":"\n<p class=\"has-medium-font-size\"> <strong>Estaci\u00f3n de radio remoto de HF v\u00eda web<\/strong><br><br>(<em>Atenci\u00f3n; disponible s\u00f3lo para socios con cuota al d\u00eda<\/em>)<br><br>&nbsp;Usted puede operar via web la&nbsp;estaci\u00f3n&nbsp;del <strong>Radio Club Quilmes<\/strong> en forma&nbsp;remota, esta opera en bandas de 80 y 40 metros,<br>utilizando un dispositivo de escritorio, a trav\u00e9s de un navegador web y con conexi\u00f3n a internet.<br><br><strong>El servicio est\u00e1 disponible 7&#215;24.<\/strong><br><br>Debido a que el equipo es mono operador y de poder facilitar a otros colegas el uso de la estaci\u00f3n del RadioClub, decidimos designar usuarios y claves temporales.<br><br><kbd>Equipo de radio HF:<\/kbd> <strong>Yaesu FT-80C<\/strong>, con 100 watts de potencia, antena dipolo para <strong>80 <\/strong>y <strong>40 <\/strong>metros a 12 metros de altura.<br><br><kbd>Requerimientos t\u00e9cnicos:<\/kbd><br>PC o Notebook, Memoria m\u00ednima recomendada 2gb. Procesador similar 3,40 GHz, con sonido, conexi\u00f3n a internet, navegador web. Google Chrome, Safari, Firefox, Opera, Microsoft Edge Legacy. De no contar con algunos de estos requerimientos m\u00ednimos, es posible que su transmisi\u00f3n se note entrecortada por recursos del navegador. Intente mejorar, cerrando otras aplicaciones.<br><br>Para solicitar el acceso, debe enviar un correo a <strong><a href=\"mailto:secretaria@lu4dq.com.ar\">secretaria@lu4dq.com.ar<\/a> <\/strong>con el asunto : (<em>Acceso al equipo remoto<\/em>).<\/p>\n\n\n\n<p class=\"has-medium-font-size\">Con los siguientes datos:<\/p>\n\n\n\n<ul style=\"background:linear-gradient(135deg,rgb(255,245,203) 0%,rgb(182,227,212) 72%,rgb(51,167,181) 100%)\" class=\"wp-block-list has-background\">\n<li>Apellido<\/li>\n\n\n\n<li>Nombre<\/li>\n\n\n\n<li>Se\u00f1al Distintiva<\/li>\n<\/ul>\n\n\n\n<hr class=\"wp-block-separator has-alpha-channel-opacity is-style-wide\"\/>\n\n\n\n<p><a data-type=\"link\" data-id=\"https:\/\/www.lu4dq.com.ar:8888\/login\" href=\"https:\/\/lq4d.ddns.net\/hf-remoto.html\" target=\"_blank\" rel=\"noreferrer noopener\"><strong>Acceso al panel del equipo de radio HF remoto<\/strong><\/a><\/p>\n","protected":false},"excerpt":{"rendered":"<p>Estaci\u00f3n de radio remoto de HF v\u00eda web (Atenci\u00f3n; disponible s\u00f3lo para socios con cuota al d\u00eda) &nbsp;Usted puede operar via web la&nbsp;estaci\u00f3n&nbsp;del Radio Club Quilmes en forma&nbsp;remota, esta opera en bandas de 80 y 40 metros,utilizando un dispositivo de escritorio, a trav\u00e9s de un navegador web y con conexi\u00f3n [&hellip;]<\/p>\n","protected":false},"author":2,"featured_media":170,"parent":0,"menu_order":0,"comment_status":"closed","ping_status":"closed","template":"","meta":{"_bbp_topic_count":0,"_bbp_reply_count":0,"_bbp_total_topic_count":0,"_bbp_total_reply_count":0,"_bbp_voice_count":0,"_bbp_anonymous_reply_count":0,"_bbp_topic_count_hidden":0,"_bbp_reply_count_hidden":0,"_bbp_forum_subforum_count":0,"footnotes":""},"class_list":["post-169","page","type-page","status-publish","has-post-thumbnail","hentry"],"yoast_head":"<!-- This site is optimized with the Yoast SEO plugin v26.6 - https:\/\/yoast.com\/wordpress\/plugins\/seo\/ -->\n<title>Radio Remoto de HF - Radio Club Quilmes | LU4DQ - LQ4D<\/title>\n<meta name=\"robots\" content=\"index, follow, max-snippet:-1, max-image-preview:large, max-video-preview:-1\" \/>\n<link rel=\"canonical\" href=\"https:\/\/lq4d.ddns.net\/?page_id=169\" \/>\n<meta property=\"og:locale\" content=\"es_ES\" \/>\n<meta property=\"og:type\" content=\"article\" \/>\n<meta property=\"og:title\" content=\"Radio Remoto de HF - Radio Club Quilmes | LU4DQ - LQ4D\" \/>\n<meta property=\"og:description\" content=\"Estaci\u00f3n de radio remoto de HF v\u00eda web (Atenci\u00f3n; disponible s\u00f3lo para socios con cuota al d\u00eda) &nbsp;Usted puede operar via web la&nbsp;estaci\u00f3n&nbsp;del Radio Club Quilmes en forma&nbsp;remota, esta opera en bandas de 80 y 40 metros,utilizando un dispositivo de escritorio, a trav\u00e9s de un navegador web y con conexi\u00f3n [&hellip;]\" \/>\n<meta property=\"og:url\" content=\"https:\/\/lq4d.ddns.net\/?page_id=169\" \/>\n<meta property=\"og:site_name\" content=\"Radio Club Quilmes | LU4DQ - LQ4D\" \/>\n<meta property=\"article:publisher\" content=\"https:\/\/www.facebook.com\/groups\/LU4DQ\" \/>\n<meta property=\"article:modified_time\" content=\"2025-12-19T20:15:40+00:00\" \/>\n<meta property=\"og:image\" content=\"https:\/\/lq4d.ddns.net\/wp-content\/uploads\/2024\/02\/remote-banner.gif\" \/>\n\t<meta property=\"og:image:width\" content=\"1227\" \/>\n\t<meta property=\"og:image:height\" content=\"604\" \/>\n\t<meta property=\"og:image:type\" content=\"image\/gif\" \/>\n<meta name=\"twitter:card\" content=\"summary_large_image\" \/>\n<meta name=\"twitter:site\" content=\"@lu4dq\" \/>\n<meta name=\"twitter:label1\" content=\"Tiempo de lectura\" \/>\n\t<meta name=\"twitter:data1\" content=\"2 minutos\" \/>\n<script type=\"application\/ld+json\" class=\"yoast-schema-graph\">{\"@context\":\"https:\/\/schema.org\",\"@graph\":[{\"@type\":\"WebPage\",\"@id\":\"https:\/\/lq4d.ddns.net\/?page_id=169\",\"url\":\"https:\/\/lq4d.ddns.net\/?page_id=169\",\"name\":\"Radio Remoto de HF - Radio Club Quilmes | LU4DQ - LQ4D\",\"isPartOf\":{\"@id\":\"https:\/\/lq4d.ddns.net\/#website\"},\"primaryImageOfPage\":{\"@id\":\"https:\/\/lq4d.ddns.net\/?page_id=169#primaryimage\"},\"image\":{\"@id\":\"https:\/\/lq4d.ddns.net\/?page_id=169#primaryimage\"},\"thumbnailUrl\":\"https:\/\/lq4d.ddns.net\/wp-content\/uploads\/2024\/02\/remote-banner.gif\",\"datePublished\":\"2024-02-28T20:59:16+00:00\",\"dateModified\":\"2025-12-19T20:15:40+00:00\",\"breadcrumb\":{\"@id\":\"https:\/\/lq4d.ddns.net\/?page_id=169#breadcrumb\"},\"inLanguage\":\"es-AR\",\"potentialAction\":[{\"@type\":\"ReadAction\",\"target\":[\"https:\/\/lq4d.ddns.net\/?page_id=169\"]}]},{\"@type\":\"ImageObject\",\"inLanguage\":\"es-AR\",\"@id\":\"https:\/\/lq4d.ddns.net\/?page_id=169#primaryimage\",\"url\":\"https:\/\/lq4d.ddns.net\/wp-content\/uploads\/2024\/02\/remote-banner.gif\",\"contentUrl\":\"https:\/\/lq4d.ddns.net\/wp-content\/uploads\/2024\/02\/remote-banner.gif\",\"width\":1227,\"height\":604},{\"@type\":\"BreadcrumbList\",\"@id\":\"https:\/\/lq4d.ddns.net\/?page_id=169#breadcrumb\",\"itemListElement\":[{\"@type\":\"ListItem\",\"position\":1,\"name\":\"Inicio\",\"item\":\"https:\/\/lq4d.ddns.net\/\"},{\"@type\":\"ListItem\",\"position\":2,\"name\":\"Radio Remoto de HF\"}]},{\"@type\":\"WebSite\",\"@id\":\"https:\/\/lq4d.ddns.net\/#website\",\"url\":\"https:\/\/lq4d.ddns.net\/\",\"name\":\"Radio Club Quilmes | LU4DQ - LQ4D\",\"description\":\"Desde 1949 Formando Radioaficionados\",\"publisher\":{\"@id\":\"https:\/\/lq4d.ddns.net\/#organization\"},\"potentialAction\":[{\"@type\":\"SearchAction\",\"target\":{\"@type\":\"EntryPoint\",\"urlTemplate\":\"https:\/\/lq4d.ddns.net\/?s={search_term_string}\"},\"query-input\":{\"@type\":\"PropertyValueSpecification\",\"valueRequired\":true,\"valueName\":\"search_term_string\"}}],\"inLanguage\":\"es-AR\"},{\"@type\":\"Organization\",\"@id\":\"https:\/\/lq4d.ddns.net\/#organization\",\"name\":\"Radio Club Quilmes | LU4DQ - LQ4D\",\"url\":\"https:\/\/lq4d.ddns.net\/\",\"logo\":{\"@type\":\"ImageObject\",\"inLanguage\":\"es-AR\",\"@id\":\"https:\/\/lq4d.ddns.net\/#\/schema\/logo\/image\/\",\"url\":\"https:\/\/lq4d.ddns.net\/wp-content\/uploads\/2024\/03\/LU4DQ.png\",\"contentUrl\":\"https:\/\/lq4d.ddns.net\/wp-content\/uploads\/2024\/03\/LU4DQ.png\",\"width\":304,\"height\":306,\"caption\":\"Radio Club Quilmes | LU4DQ - LQ4D\"},\"image\":{\"@id\":\"https:\/\/lq4d.ddns.net\/#\/schema\/logo\/image\/\"},\"sameAs\":[\"https:\/\/www.facebook.com\/groups\/LU4DQ\",\"https:\/\/x.com\/lu4dq\",\"https:\/\/www.instagram.com\/radioclubquilmes\/\"]}]}<\/script>\n<!-- \/ Yoast SEO plugin. -->","yoast_head_json":{"title":"Radio Remoto de HF - Radio Club Quilmes | LU4DQ - LQ4D","robots":{"index":"index","follow":"follow","max-snippet":"max-snippet:-1","max-image-preview":"max-image-preview:large","max-video-preview":"max-video-preview:-1"},"canonical":"https:\/\/lq4d.ddns.net\/?page_id=169","og_locale":"es_ES","og_type":"article","og_title":"Radio Remoto de HF - Radio Club Quilmes | LU4DQ - LQ4D","og_description":"Estaci\u00f3n de radio remoto de HF v\u00eda web (Atenci\u00f3n; disponible s\u00f3lo para socios con cuota al d\u00eda) &nbsp;Usted puede operar via web la&nbsp;estaci\u00f3n&nbsp;del Radio Club Quilmes en forma&nbsp;remota, esta opera en bandas de 80 y 40 metros,utilizando un dispositivo de escritorio, a trav\u00e9s de un navegador web y con conexi\u00f3n [&hellip;]","og_url":"https:\/\/lq4d.ddns.net\/?page_id=169","og_site_name":"Radio Club Quilmes | LU4DQ - LQ4D","article_publisher":"https:\/\/www.facebook.com\/groups\/LU4DQ","article_modified_time":"2025-12-19T20:15:40+00:00","og_image":[{"width":1227,"height":604,"url":"https:\/\/lq4d.ddns.net\/wp-content\/uploads\/2024\/02\/remote-banner.gif","type":"image\/gif"}],"twitter_card":"summary_large_image","twitter_site":"@lu4dq","twitter_misc":{"Tiempo de lectura":"2 minutos"},"schema":{"@context":"https:\/\/schema.org","@graph":[{"@type":"WebPage","@id":"https:\/\/lq4d.ddns.net\/?page_id=169","url":"https:\/\/lq4d.ddns.net\/?page_id=169","name":"Radio Remoto de HF - Radio Club Quilmes | LU4DQ - LQ4D","isPartOf":{"@id":"https:\/\/lq4d.ddns.net\/#website"},"primaryImageOfPage":{"@id":"https:\/\/lq4d.ddns.net\/?page_id=169#primaryimage"},"image":{"@id":"https:\/\/lq4d.ddns.net\/?page_id=169#primaryimage"},"thumbnailUrl":"https:\/\/lq4d.ddns.net\/wp-content\/uploads\/2024\/02\/remote-banner.gif","datePublished":"2024-02-28T20:59:16+00:00","dateModified":"2025-12-19T20:15:40+00:00","breadcrumb":{"@id":"https:\/\/lq4d.ddns.net\/?page_id=169#breadcrumb"},"inLanguage":"es-AR","potentialAction":[{"@type":"ReadAction","target":["https:\/\/lq4d.ddns.net\/?page_id=169"]}]},{"@type":"ImageObject","inLanguage":"es-AR","@id":"https:\/\/lq4d.ddns.net\/?page_id=169#primaryimage","url":"https:\/\/lq4d.ddns.net\/wp-content\/uploads\/2024\/02\/remote-banner.gif","contentUrl":"https:\/\/lq4d.ddns.net\/wp-content\/uploads\/2024\/02\/remote-banner.gif","width":1227,"height":604},{"@type":"BreadcrumbList","@id":"https:\/\/lq4d.ddns.net\/?page_id=169#breadcrumb","itemListElement":[{"@type":"ListItem","position":1,"name":"Inicio","item":"https:\/\/lq4d.ddns.net\/"},{"@type":"ListItem","position":2,"name":"Radio Remoto de HF"}]},{"@type":"WebSite","@id":"https:\/\/lq4d.ddns.net\/#website","url":"https:\/\/lq4d.ddns.net\/","name":"Radio Club Quilmes | LU4DQ - LQ4D","description":"Desde 1949 Formando Radioaficionados","publisher":{"@id":"https:\/\/lq4d.ddns.net\/#organization"},"potentialAction":[{"@type":"SearchAction","target":{"@type":"EntryPoint","urlTemplate":"https:\/\/lq4d.ddns.net\/?s={search_term_string}"},"query-input":{"@type":"PropertyValueSpecification","valueRequired":true,"valueName":"search_term_string"}}],"inLanguage":"es-AR"},{"@type":"Organization","@id":"https:\/\/lq4d.ddns.net\/#organization","name":"Radio Club Quilmes | LU4DQ - LQ4D","url":"https:\/\/lq4d.ddns.net\/","logo":{"@type":"ImageObject","inLanguage":"es-AR","@id":"https:\/\/lq4d.ddns.net\/#\/schema\/logo\/image\/","url":"https:\/\/lq4d.ddns.net\/wp-content\/uploads\/2024\/03\/LU4DQ.png","contentUrl":"https:\/\/lq4d.ddns.net\/wp-content\/uploads\/2024\/03\/LU4DQ.png","width":304,"height":306,"caption":"Radio Club Quilmes | LU4DQ - LQ4D"},"image":{"@id":"https:\/\/lq4d.ddns.net\/#\/schema\/logo\/image\/"},"sameAs":["https:\/\/www.facebook.com\/groups\/LU4DQ","https:\/\/x.com\/lu4dq","https:\/\/www.instagram.com\/radioclubquilmes\/"]}]}},"_links":{"self":[{"href":"https:\/\/lq4d.ddns.net\/index.php?rest_route=\/wp\/v2\/pages\/169","targetHints":{"allow":["GET"]}}],"collection":[{"href":"https:\/\/lq4d.ddns.net\/index.php?rest_route=\/wp\/v2\/pages"}],"about":[{"href":"https:\/\/lq4d.ddns.net\/index.php?rest_route=\/wp\/v2\/types\/page"}],"author":[{"embeddable":true,"href":"https:\/\/lq4d.ddns.net\/index.php?rest_route=\/wp\/v2\/users\/2"}],"replies":[{"embeddable":true,"href":"https:\/\/lq4d.ddns.net\/index.php?rest_route=%2Fwp%2Fv2%2Fcomments&post=169"}],"version-history":[{"count":20,"href":"https:\/\/lq4d.ddns.net\/index.php?rest_route=\/wp\/v2\/pages\/169\/revisions"}],"predecessor-version":[{"id":3705,"href":"https:\/\/lq4d.ddns.net\/index.php?rest_route=\/wp\/v2\/pages\/169\/revisions\/3705"}],"wp:featuredmedia":[{"embeddable":true,"href":"https:\/\/lq4d.ddns.net\/index.php?rest_route=\/wp\/v2\/media\/170"}],"wp:attachment":[{"href":"https:\/\/lq4d.ddns.net\/index.php?rest_route=%2Fwp%2Fv2%2Fmedia&parent=169"}],"curies":[{"name":"wp","href":"https:\/\/api.w.org\/{rel}","templated":true}]}}